ainder when 4250 is divided by 18.
2
Calculate the remainder when 181315 is divided by 60432.
19
Calculate the remainder when 329331 is divided by 425.
381
Calculate the remainder when 41331 is divided by 559.
524
What is the remainder when 10351 is divided by 3449?
4
What is the remainder when 1115 is divided by 110?
15
Calculate the remainder when 81204 is divided by 5.
4
What is the remainder when 10893 is divided by 679?
29
Calculate the remainder when 983 is divided by 450.
83
Calculate the remainder when 3432 is divided by 3419.
13
What is the remainder when 3461 is divided by 490?
31
Calculate the remainder when 225735 is divided by 28.
27
Calculate the remainder when 1858 is divided by 414.
202
Calculate the remainder when 577251 is divided by 1381.
1374
Calculate the remainder when 8659 is divided by 2288.
1795
What is the remainder when 2521 is divided by 355?
36
What is the remainder when 2123 is divided by 464?
267
Calculate the remainder when 53390 is divided by 245.
225
Calculate the remainder when 4434 is divided by 2216.
2
Calculate the remainder when 7762 is divided by 7402.
360
Calculate the remainder when 333568 is divided by 15.
13
What is the remainder when 24267 is divided by 212?
99
Calculate the remainder when 8877 is divided by 355.
2
What is the remainder when 53216 is divided by 626?
6
Calculate the remainder when 15332 is divided by 5050.
182
Calculate the remainder when 1815216 is divided by 25.
16
Calculate the remainder when 261449 is divided by 63.
62
Calculate the remainder when 224992 is divided by 382.
376
What is the remainder when 80744 is divided by 1?
0
Calculate the remainder when 240309 is divided by 152.
149
Calculate the remainder when 118173 is divided by 24.
21
What is the remainder when 18651 is divided by 106?
101
What is the remainder when 1956 is divided by 578?
222
Calculate the remainder when 60565 is divided by 18.
13
Calculate the remainder when 1644 is divided by 200.
44
Calculate the remainder when 2408 is divided by 655.
443
What is the remainder when 28923 is divided by 150?
123
Calculate the remainder when 13076 is divided by 327.
323
Calculate the remainder when 3443 is divided by 144.
131
Calculate the remainder when 683 is divided by 342.
341
What is the remainder when 37651 is divided by 21?
19
What is the remainder when 153420 is divided by 91?
85
Calculate the remainder when 3890495 is divided by 125.
120
Calculate the remainder when 370187 is divided by 68.
63
What is the remainder when 9433 is divided by 210?
193
Calculate the remainder when 3700 is divided by 16.
4
Calculate the remainder when 3493 is divided by 3303.
190
What is the remainder when 4083 is divided by 163?
8
Calculate the remainder when 37153 is divided by 251.
5
What is the remainder when 83611 is divided by 8360?
11
What is the remainder when 262312 is divided by 23?
20
What is the remainder when 1810 is divided by 222?
34
What is the remainder when 24313 is divided by 1868?
29
What is the remainder when 271241 is divided by 310?
301
What is the remainder when 60201 is divided by 1004?
965
Calculate the remainder when 1187 is divided by 67.
48
Calculate the remainder when 7756 is divided by 516.
16
What is the remainder when 51796 is divided by 128?
84
What is the remainder when 155957 is divided by 3119?
7
What is the remainder when 11863 is divided by 494?
7
Calculate the remainder when 16204 is divided by 292.
144
Calculate the remainder when 4883 is divided by 160.
83
What is the remainder when 20098 is divided by 19?
15
Calculate the remainder when 7132606 is divided by 2016.
2014
Calculate the remainder when 26778 is divided by 372.
366
Calculate the remainder when 32568 is divided by 10856.
0
Calculate the remainder when 96976 is divided by 2693.
28
What is the remainder when 34149 is divided by 3?
0
Calculate the remainder when 82 is divided by 40.
2
Calculate the remainder when 17021 is divided by 425.
21
Calculate the remainder when 2758058 is divided by 577.
575
What is the remainder when 508 is divided by 107?
80
Calculate the remainder when 68053 is divided by 1573.
414
What is the remainder when 26075 is divided by 159?
158
Calculate the remainder when 39467 is divided by 453.
56
Calculate the remainder when 30 is divided by 5.
0
Calculate the remainder when 596 is divided by 112.
36
What is the remainder when 8980 is divided by 674?
218
What is the remainder when 4296 is divided by 17?
12
Calculate the remainder when 7705 is divided by 685.
170
What is the remainder when 173490 is divided by 32?
18
What is the remainder when 918046 is divided by 1048?
1046
Calculate the remainder when 66754 is divided by 448.
2
What is the remainder when 92104 is divided by 845?
844
Calculate the remainder when 12473 is divided by 821.
158
Calculate the remainder when 17925 is divided by 2985.
15
Calculate the remainder when 5920 is divided by 5918.
2
What is the remainder when 607990 is divided by 6?
4
Calculate the remainder when 37011 is divided by 771.
3
What is the remainder when 7279 is divided by 7278?
1
What is the remainder when 4082633 is divided by 724?
721
Calculate the remainder when 29699 is divided by 5.
4
Calculate the remainder when 5435 is divided by 378.
143
Calculate the remainder when 957 is divided by 302.
51
What is the remainder when 3015 is divided by 201?
0
What is the remainder when 131761 is divided by 19?
15
Calculate the remainder when 1538 is divided by 404.
326
What is the remainder when 819 is divided by 67?
15
Calculate the remainder when 170938 is divided by 420.
418
What is the remainder when 66821 is divided by 175?
146
Calculate the remainder when 475 is divided by 329.
146
Calculate the remainder when 1290 is divided by 71.
12
What is the remainder when 16716 is divided by 580?
476
What is the remainder when 3806 is divided by 77?
33
What is the remainder when 4886 is divided by 2438?
10
What is the remainder when 2276 is divided by 11?
10
Calculate the remainder when 1085 is divided by 1074.
11
Calculate the remainder when 35678 is divided by 21.
20
Calculate the remainder when 2733 is divided by 1635.
1098
What is the remainder when 4026 is divided by 261?
111
What is the remainder when 84142 is divided by 12?
10
What is the remainder when 391067 is divided by 153?
152
What is the remainder when 7461 is divided by 418?
355
Calculate the remainder when 2559 is divided by 211.
27
Calculate the remainder when 13332 is divided by 664.
52
Calculate the remainder when 216178 is divided by 45.
43
What is the remainder when 800483 is divided by 1118?
1113
Calculate the remainder when 22051 is divided by 883.
859
What is the remainder when 10825 is divided by 3358?
751
What is the remainder when 322828 is divided by 53?
5
What is the remainder when 3865 is divided by 551?
8
Calculate the remainder when 5492 is divided by 1808.
68
Calculate the remainder when 430 is divided by 218.
212
Calculate the remainder when 3149 is divided by 12.
5
What is the remainder when 285102 is divided by 57016?
22
What is the remainder when 283663 is divided by 15?
13
What is the remainder when 4353 is divided by 163?
115
Calculate the remainder when 692576 is divided by 9.
8
What is the remainder when 99691 is divided by 99?
97
Calculate the remainder when 3659 is divided by 91.
19
Calculate the remainder when 328154 is divided by 430.
64
Calculate the remainder when 2351241 is divided by 173.
171
Calculate the remainder when 177081 is divided by 147.
93
Calculate the remainder when 52226 is divided by 52219.
7
Calculate the remainder when 48785 is divided by 275.
110
What is the remainder when 33892 is divided by 11295?
7
What is the remainder when 15418 is divided by 515?
483
Calculate the remainder when 96860 is divided by 389.
388
Calculate the remainder when 13216 is divided by 895.
686
What is the remainder when 1189105 is divided by 158?
155
What is the remainder when 346167 is divided by 1049?
1046
What is the remainder when 91682 is divided by 9?
8
What is the remainder when 2711 is divided by 1345?
21
What is the remainder when 1485 is divided by 30?
15
Calculate the remainder when 116 is divided by 107.
9
Calculate the remainder when 6817 is divided by 3400.
17
Calculate the remainde